18
Calculate the greatest common factor of 302408337 and 231.
231
What is the greatest common divisor of 12644 and 1600883?
109
What is the highest common divisor of 3260135 and 345?
115
What is the greatest common factor of 2019 and 378211867?
673
What is the highest common divisor of 147499952 and 67466?
9638
Calculate the greatest common divisor of 22576282 and 1.
1
Calculate the highest common divisor of 290610 and 2259.
9
Calculate the highest common divisor of 3469408 and 264984.
1448
What is the highest common factor of 3316 and 417819316?
3316
Calculate the highest common factor of 9 and 44801739.
9
What is the highest common factor of 2083464 and 324?
36
What is the greatest common factor of 7385 and 7518985?
1055
Calculate the greatest common factor of 15 and 14241585.
15
What is the greatest common divisor of 2023 and 523753?
17
What is the greatest common divisor of 13 and 21357830?
13
What is the highest common divisor of 7723993 and 295461?
353
What is the highest common divisor of 1740 and 775895?
145
What is the highest common factor of 614024895 and 330?
165
What is the highest common factor of 139 and 1174133?
139
Calculate the greatest common factor of 140 and 462591668.
28
What is the greatest common divisor of 443 and 1956755808?
443
What is the highest common factor of 68742 and 12937499?
1273
What is the greatest common divisor of 30084 and 1406542?
46
Calculate the highest common factor of 1113 and 2326359.
21
Calculate the greatest common factor of 6166 and 823238075.
3083
What is the highest common divisor of 1232 and 703808?
112
Calculate the highest common divisor of 3291345 and 17775.
45
What is the greatest common factor of 64408 and 359888?
664
What is the greatest common factor of 29573704 and 232?
8
What is the highest common factor of 30814251 and 1989?
663
Calculate the highest common divisor of 11820965 and 1357.
23
What is the highest common factor of 1700288 and 125612?
124
What is the highest common factor of 18241 and 17520727?
493
Calculate the highest common divisor of 774488277 and 9.
9
What is the greatest common divisor of 353290 and 1296050?
490
Calculate the greatest common divisor of 69 and 237889989.
69
What is the greatest common divisor of 36976 and 351984?
16
Calculate the highest common divisor of 5566 and 285274.
22
Calculate the greatest common divisor of 42 and 1186653174.
42
What is the greatest common factor of 9368499 and 38385?
2559
Calculate the highest common factor of 22671812 and 11033.
1003
Calculate the greatest common divisor of 44 and 3121308.
4
What is the greatest common divisor of 667 and 684365?
23
Calculate the highest common divisor of 1524280221 and 16374.
8187
Calculate the highest common divisor of 264 and 1762112.
88
Calculate the greatest common factor of 100 and 8787675.
25
What is the greatest common factor of 23584 and 132420475?
737
Calculate the greatest common factor of 182 and 156949.
13
Calculate the highest common factor of 64081 and 8.
1
What is the greatest common divisor of 461139321 and 657?
219
What is the highest common divisor of 31196237 and 4258?
2129
What is the greatest common factor of 69848 and 368?
8
What is the greatest common factor of 11800 and 24544?
472
What is the greatest common divisor of 6280 and 1287293240?
6280
Calculate the greatest common divisor of 28 and 66255756.
28
What is the greatest common factor of 24 and 176202216?
24
What is the highest common divisor of 4232356 and 185?
37
What is the greatest common divisor of 3400 and 4095725?
425
Calculate the greatest common factor of 1336 and 1443882.
334
What is the greatest common factor of 37536075 and 19575?
675
What is the highest common divisor of 31338 and 1098?
18
Calculate the greatest common divisor of 6 and 17739726.
6
What is the highest common factor of 25634257 and 99?
11
Calculate the greatest common divisor of 1246 and 39597257.
623
What is the highest common factor of 31906 and 16464980?
742
Calculate the highest common divisor of 131796 and 329364.
252
Calculate the highest common factor of 736967 and 8041.
187
Calculate the greatest common divisor of 31812480 and 54.
54
Calculate the highest common factor of 9040869 and 2952.
369
What is the greatest common factor of 150 and 42352725?
75
What is the highest common divisor of 40088161 and 47997?
5333
What is the greatest common factor of 36747338 and 106?
106
Calculate the highest common factor of 44577 and 623920266.
3429
What is the greatest common divisor of 3136761 and 16696?
2087
What is the highest common factor of 1632 and 2873184?
96
What is the highest common divisor of 16040 and 1346959?
401
What is the highest common divisor of 1870044702 and 604?
302
What is the greatest common factor of 1075817086 and 68?
34
What is the highest common divisor of 70218 and 62792?
94
Calculate the greatest common factor of 5626 and 1088834.
58
What is the greatest common factor of 216 and 17575032?
24
What is the highest common factor of 9575740 and 3120?
20
What is the highest common divisor of 378705913 and 7427?
1061
What is the highest common divisor of 1198009 and 2804?
701
What is the highest common factor of 1207 and 402033?
17
What is the highest common divisor of 252912 and 26224?
176
What is the greatest common factor of 961537 and 85?
17
What is the highest common factor of 586964 and 112?
28
Calculate the highest common factor of 2087606 and 3208.
802
What is the greatest common factor of 68445117 and 14012?
3503
What is the highest common divisor of 62 and 28010267?
31
Calculate the highest common divisor of 32830 and 63696766.
6566
Calculate the highest common factor of 47600252 and 186.
62
Calculate the greatest common factor of 4438933 and 6751.
43
What is the highest common factor of 7386 and 4466068?
2462
What is the highest common factor of 399390354 and 99?
99
Calculate the greatest common factor of 2815742 and 79864.
134
What is the highest common divisor of 295 and 3919429?
59
What is the greatest common factor of 5000 and 32272?
8
Calculate the highest common divisor of 28017 and 221211.
9
What is the greatest common factor of 2800 and 2066960?
560
Calculate the greatest common divisor of 695 and 42340.
5
Calculate the highest common factor of 962 and 797914.
26
Calculate the highest common divisor of 4369137 and 201.
201
Calculate the greatest common factor of 373810 and 580.
290
What is the greatest common factor of 1475 and 140243?
59
Calculate the greatest common divisor of 3808795 and 5680.
355
Calculate the highest common divisor of 213514 and 12785472.
2114
What is the greatest common factor of 27792 and 508905?
9
Calculate the highest common factor of 3774 and 266363.
37
What is the greatest common divisor of 4111641 and 1449?
207
Calculate the greatest common divisor of 375751050 and 50.
50
Calculate the greatest common factor of 13778 and 6474.
166
Calculate the highest common divisor of 305 and 207084935.
305
Calculate the greatest common divisor of 50039133 and 111.
111
Calculate the highest common factor of 273140824 and 92.
92
Calculate the greatest common factor of 12224 and 328138.
382
What is the highest common factor of 79074 and 193674?
1146
What is the highest common factor of 276061 and 3599?
59
Calculate the greatest common divisor of 158030520 and 72.
24
What is the highest common divisor of 512 and 46558272?
64
What is the highest common divisor of 155 and 3943789?
31
What is the greatest common factor of 3081 and 2173843?
79
Calculate the highest common divisor of 2092018 and 4978186.
4538
Calculate the highest common divisor of 4572294 and 18.
6
Calculate the highest common factor of 140 and 16936500.
140
Calculate the greatest common divisor of 1288392 and 52584.
168
What is the highest common divisor of 336 and 50757441?
21
Calculate the highest common divisor of 2646 and 14769531.
441
Calculate the highest common factor of 170892 and 2490660.
3636
What is the greatest common factor of 7298667 and 1377?
81
What is the highest common factor of 4600 and 15179400?
200
Calculate the greatest common factor of 543851 and 62524.
539
What is the greatest common divisor of 476311 and 55373923?
11077
What is the highest common divisor of 5910 and 105703305?
2955
What is the 